Let z = m + -44. Is (-2 + 295)/(-1 + z)*-3 prime?
False
Let r(u) = u**2 + 22*u + 14. Suppose 3*t - 4*t = -2*o + 12, -113 = 4*t + 5*o. Let a be r(t). Suppose a*f = -0*f + 5054. Is f prime?
False
Let i = -237 + 261. Suppose i*v = 30*v - 36726. Is v prime?
True
Suppose -61215 + 7945 = -5*f + 5*p, 2*f - p - 21309 = 0. Let q = f - 6162. Is q composite?
False
Let p(r) = 13*r - 2. Let s be p(2). Suppose -466 = 3*v + 6*v - 412. Is (511/(-4) - -2)/(v/s) prime?
True
Let p be (1 - 9)*1/1. Let g be 5034 - (2 - (-4 - p)). Suppose 2*z - g = -2*z. Is z a prime number?
True
Suppose 4*k - 6 = -10, -k = 5*g - 2255794. Is g prime?
True
Suppose -4*n + 336604 = 2*f, 47*n - 48*n + 84161 = -2*f. Is n a composite number?
True
Suppose -5*z - 5 = 5*r - 30, 5*z - 4*r - 25 = 0. Suppose 5*y - 5*p + 4*p = 8181, -4*y + z*p + 6528 = 0. Is y a prime number?
True
Is (-54)/6 + 167374 + 13 composite?
True
Let i = 323 + -332. Let h(g) = -2*g**3 - 8*g**2 + 13*g - 20. Is h(i) a composite number?
False
Let k(r) = r**2 + 7*r + 4. Suppose 0 = -w - 7 + 2. Let x be k(w). Is 2/x - (-4375)/75 a composite number?
True
Suppose 233*r + 269*r = 121*r + 113453799. Is r a composite number?
False
Let y(a) = -13*a**3 + 9*a**2 + 7*a - 4. Let o be y(6). Suppose -5*x + 20690 = 4*w + w, 2*x - 8275 = -3*w. Let g = x + o. Is g a prime number?
True
Let i(f) = 2*f**2 + 5*f + 20. Suppose v = 3*v - 2*s - 38, 5*v = -4*s + 122. Suppose 0*m + 2*m - v = 0. Is i(m) composite?
False
Let l(p) = 7*p - 20. Let v(r) = -6*r + 19. Let x(g) = -2*l(g) - 3*v(g). Suppose 0 = 5*o - 1 - 49. Is x(o) a composite number?
False
Suppose -m - 79801 = -5*w, 0 = -4*w + 6*w - 5*m - 31948. Is w prime?
True
Let p be (-1985)/(-2)*(-36)/(-15). Suppose -441 = 3*x - p. Let l = x - 289. Is l a composite number?
True
Suppose -1785718 = 71*v - 176*v + 1555067. Is v composite?
False
Suppose 0 = -5*k + 5*f + 194540, 209*f + 77858 = 2*k + 214*f. Is k a prime number?
False
Let n(y) = 851*y**2 - 283*y**2 + y + 1169*y**2 + 7 + 166*y**2. Is n(-2) prime?
False
Let d(u) = 13*u**2 - 6*u - 93. Let f be 2*156/(-40) - 3/15. Is d(f) a composite number?
False
Let y(b) = -7*b + 10180. Let z be y(0). Let v = z - 6919. Is v composite?
True
Let y(j) = j**3 - 8*j**2 - 4*j - 11. Let q be y(8). Let n = 39 + q. Is (-12)/n - (-1 + -157) a composite number?
True
Is 56/336 + 3090788/24*1 a prime number?
False
Let d be (-2 + (-6)/(-5))*290/(-4). Let n = 56 - d. Is 673*2/n*(15 + -16) composite?
False
Let z = -2959 - -12242. Suppose -18*n + z = -5801. Is n composite?
True
Suppose 14*o - 150029 = 6449. Is o a prime number?
True
Let q(u) = -5*u - 42. Let c = 85 + -94. Let b be q(c). Is 9/b - -538*1*1 composite?
False
Let q = 23 + -25. Is ((-113325)/(-150))/(1/(-4)*q) composite?
False
Let o(q) = -q**3 + 5*q**2. Let g(d) = 3*d**3 - 11*d**2 - d - 1. Let j(x) = -2*g(x) - 5*o(x). Let r be j(-3). Is (-20)/(0 - (-8)/r) a composite number?
True
Let s be (-5 + (-12822)/10)*-5. Is -4 - s/(-6)*3 a prime number?
False
Let y(d) = 2*d**3 - d**2 - d - 1. Let i(k) = 483*k**3 - 4*k**2 - 9*k + 3. Let u(w) = i(w) - 4*y(w). Is u(2) composite?
False
Let r = 8 + -26. Let d be 74*(r - (0 + -1)). Let i = -491 - d. Is i a composite number?
True
Suppose 0 = -135*n - 3110058 + 10046763. Is n prime?
True
Suppose 2*z + 5235 - 69579 = 0. Suppose 0 = -14*i + z + 23702. Is i prime?
False
Let j = -240 - -248. Suppose r + l - 2502 = 0, -j*r + 5*r + 7505 = 4*l. Is r prime?
True
Suppose 45 = 5*k, -5*u + 19*k - 17*k = -4023697. Is u a prime number?
True
Let i be (-124)/93 + (-1)/(-3). Is (85452/72)/(i/(-6)) a composite number?
False
Suppose -13*z + 16*z = 38925. Suppose 0 = -12*l + 17*l - z. Let i = 2986 + l. Is i composite?
False
Is ((-3)/15 - 37047159/530)*4/(-2) a prime number?
True
Suppose h + 5*p = 26817, 0 = h + 3*p - 12906 - 13907. Is h a prime number?
False
Let d(q) = -q**3 - 23*q**2 + 25*q + 34. Let v be d(-24). Let b(c) = 161*c - 35. Let z(h) = -80*h + 18. Let t(g) = 3*b(g) + 5*z(g). Is t(v) prime?
False
Suppose j - 7 - 2 = 0. Let z(f) = f**3 - 15*f**2 - 15*f - 12. Let p be z(16). Suppose -j*v = -p*v - 3595. Is v prime?
True
Suppose -198*o + 7957911 + 9201759 = 0. Is o a prime number?
False
Suppose -747665 = -5*l + 2*o, 0 = -2*l - 17*o + 14*o + 299047. Is l a composite number?
False
Suppose 2*a = -0*a + 348. Suppose 2*c - 16*x = -19*x + 15, 2*x - 10 = 0. Suppose -a = -c*k - 2*k. Is k composite?
True
Let q be 2/(8/(-68580)*1). Let p = q - -29942. Is p composite?
True
Suppose 5*f - 400 = 3*x, 10*x - 5*x - 400 = -5*f. Let z be (-3)/(((-2)/64)/(f/(-15))). Let n = z + 1063. Is n prime?
False
Suppose -x - 2*x = -171026 + 2237. Is x prime?
True
Let z(y) = 60*y**2 - 29*y - 1363. Is z(30) composite?
False
Let v(y) = -122*y + 47. Suppose 22 = -2*p + 2*r, -32 = 2*p + p - 4*r. Is v(p) prime?
True
Is (22870/(-8) + -9)/(1*(-1)/4) a composite number?
False
Let w = 1120790 - 631877. Is w prime?
False
Suppose 222*h - 193853 = 211*h. Is h a prime number?
True
Let h(i) be the second derivative of i**4/6 - i**3/2 - 11*i**2 - i + 7. Suppose c - 4*c = -33. Is h(c) a composite number?
True
Let x(v) be the third derivative of v**4/24 - v**3/2 - 7*v**2. Let m be x(5). Suppose 4*b = -5*g + 3240, 2*g = m*b + 3*b - 4083. Is b a composite number?
True
Suppose 2581*d - 27542 = 2579*d. Is d a composite number?
True
Let g(r) = 194*r**3 + 3*r**2 - 12*r + 18. Let f be g(2). Let y = 48 - 48. Suppose y*o + f = h + o, -3*h = o - 4680. Is h composite?
True
Let i(t) = 14*t**3 - t**2 - 7*t + 22. Let h be i(3). Suppose -5*g + 1115 + 185 = 3*c, -4*g + 1018 = -2*c. Let x = h - g. Is x a prime number?
True
Suppose 33*a - 18797 = 438550. Is a prime?
True
Let m be 18/1*(-4)/(-12). Let g(y) = 31*y**3 + 12*y**2 - 50*y + 11. Is g(m) a composite number?
True
Suppose -191*c = -199*c. Suppose c = -p - 2*g + 2263, 3*p - 7*p + 3*g = -9019. Is p a composite number?
True
Let c be (-1 - 1)/((-1)/(-2)) + 5. Is (-30)/40 - (c + 17691/(-4)) a composite number?
False
Let c(t) = 17*t + 82. Let p be c(-37). Is -11*(-33)/(-11)*p/3 prime?
False
Suppose -14*m + 2328 = 578. Suppose -m*c - 25136 = -141*c. Is c prime?
True
Suppose 547*m - 573*m + 189358 = 0. Is m a composite number?
False
Suppose 0 = -119*j + 121*j - 5*d - 1481332, -2222011 = -3*j + d. Is j a composite number?
False
Let j(s) = -s**2 - 10*s + 6. Let t be j(-8). Suppose -27*f = -t*f - 35. Suppose 0 = -f*p + 996 + 411. Is p a prime number?
False
Let z be (8/(-6))/(-3 + 46/15). Suppose 3*v + 99 = 3*t - 0*t, 169 = -5*v + 3*t. Let q = z - v. Is q composite?
True
Suppose -17*g + 6*g + 61732 = 0. Let t = 8155 - g. Is t a composite number?
False
Suppose -16*m = -15*m. Let r be (-411 + m)/(0 + -1 + 0). Suppose -g = 158 - r. Is g prime?
False
Is (1 + (-2005434)/(-14))*7315/2090 prime?
False
Let a(z) = -18*z**3 + 2*z**2 + 4*z - 3. Let g be a(-2). Suppose 5*c + 2*q + g = 28156, 4*q + 22412 = 4*c. Is c prime?
False
Let z(x) = -2*x + 15. Let k be z(6). Suppose 0 = -3*j - 3*n + 24, -k*n = -2 - 4. Suppose 0 = -y + j*c - 9*c + 265, -5*c = -10. Is y composite?
True
Let q(k) be the third derivative of k**5/60 - k**4/6 - 2*k**3 + k**2. Let r be q(6). Let a(j) = -j**3 + j**2 + 2*j + 446. Is a(r) a composite number?
True
Let i(q) be the third derivative of -10*q**2 + 3*q**3 + 0 + 0*q - 5/24*q**4. Is i(-4) a composite number?
True
Let c be -2 - -2 - -2 - 1. Let z be (c - 3)*(-6)/24*10. Suppose -z*k = -5*o + 24820, -5*o + 24847 = 3*k + k. Is o composite?
False
Let n = 8791 + 31786. Is n composite?
False
Is 118687*(-18)/432*-24 composite?
False
Let h = -7958 - -13773. Is h a prime number?
False
Let o be 2/9 - 91396/(-36). Suppose 0 = -33*v - 28994 - 19516. Let k = o + v. Is k composite?
False
Suppose 9*i + 21 = 16*i. Suppose 0 = i*v - r - 1199, -r + 20 = 4*r. Let q = 1308 - v. Is q a composite number?
False
Suppose 0 = -5*k + 4*t + 228807 - 38898, -5*t = 5*k - 189945. Let v = -17004 + k. Is v a composite number?
False
Let g(c) = c**2 - 9*c + 14. Let v be g(5). Let s be (-1078)/(-70) + v/(-10) + -2. Is (-4)/s - (2 + 3714/(-14)) a composite number?
False
Let u be -4*(-9)/14*21/18. Suppose -10 = 2*s, u*s = -d + s - 63. Let a = 108 + d. Is a composite?
True
Let x be (-20)/(-9) + (-62)/279. Suppose 4*w - 32608 = -4*p, -5*w = x*p - 4*p + 16269. Is p a composite number?
False
Suppose -4*j + 5*j + 2*b = 2098, 4*b + 4196 = 2*j. S